y**3/2 - y**2. Let k(f) = 3*f - 6. Let l be k(4). What is b(l)?
3
Let q(x) be the third derivative of 0*x - 1/3*x**3 + 0 - x**2 - 1/120*x**6 + 1/24*x**4 - 1/60*x**5. Let w = 22 - 24. Calculate q(w).
0
Let t(l) be the first derivative of 3*l**2/2 - 3*l + 15. Determine t(4).
9
Let j(k) be the second derivative of k**4/12 - 3*k. Determine j(-3).
9
Suppose h - 2*h + 5 = 0. Let u(l) be the second derivative of 0 - 2*l + 0*l**2 - 1/6*l**3. Determine u(h).
-5
Let t(a) be the first derivative of -1/2*a**2 - 2 + 1/3*a**3 - 2*a. Suppose -2*v = 5*q - 33, 3*q = -2*q + 25. Determine t(v).
10
Let g(s) = 10*s - 6. Let w(v) = 10*v - 5. Let o(d) = 6*g(d) - 7*w(d). Calculate o(-1).
9
Let f(b) = -2 + 2*b**3 - 3*b**3 + 2*b + 3 - 4*b**2. Determine f(-2).
-11
Let p = 91/2 + -45. Let u(a) be the third derivative of 1/4*a**4 + 0*a - 1/60*a**5 - p*a**3 + 3*a**2 + 0. Determine u(4).
5
Suppose 5*u - 8 = -3. Let j(f) = -f**2 + 3*f - 4. Let i be j(3). Let o = i + u. Let w(b) = -b**2 + 2. Give w(o).
-7
Suppose 4*v + 6 = -q, 2*v = 5*q - v - 39. Let f(l) = l**2 - 7*l + 7. Give f(q).
1
Let j(w) = w**2 + w - 1. Let u(t) = 6 - 17*t + 12*t - 6*t**2 + 2. Let s(p) = -5*j(p) - u(p). What is s(0)?
-3
Suppose -2*c + 10 = -0*c. Suppose 15 = -5*o, 17 = c*t - 3*o - o. Let a(d) be the first derivative of -2*d**4 - d**3/3 + d**2/2 - d + 2. What is a(t)?
-9
Let r = -5 - -8. Let s be (-4)/(-6)*(0 - -18). Let f(p) = 14 + 5*p**2 - r*p + p**3 - s + 4*p. Give f(-5).
-3
Suppose 44 = 3*r + r. Let j(g) = 11*g - r*g - 1 + g**2. Let p be 3/(-2)*(-2)/3. Determine j(p).
0
Let t(g) = g**3 + 3*g**2 - 2*g - 1. Let a(i) = -i**3 - 8*i**2 - 5*i + 8. Let d be a(-7). Let m = d - -3. Determine t(m).
5
Suppose -u - 9 = 2*u. Let z(k) = -k**2 - 5*k - 1 + 3*k - 5*k. Give z(u).
11
Let r(l) = 2*l**2 + 4*l - 1. Let g be r(-3). Suppose 2*m - 3*m - 3 = 0. Let c = g + m. Let p(q) = q**3 - 2*q**2 + 4*q - 3. Give p(c).
5
Let l(y) = 15*y + 9. Let k(c) = 3*c + 2. Let g(a) = -21*k(a) + 4*l(a). Suppose 3*r + 2 - 1 = 5*p, 0 = -p - r + 5. Suppose -p*w - 5 = -w. What is g(w)?
9
Let c(k) be the second derivative of -k**5/20 + k**4/12 + k**3/6 - 5*k**2/2 - 3*k. Let i(l) = -l**3 - 6*l**2 - l - 6. Let h be i(-6). Give c(h).
-5
Let t be (1*8)/2 - 2. Let u(j) = 3*j**2 - t - 4*j**2 + 1 + 2. Let q be -2 + (-1)/(-2)*0. Give u(q).
-3
Let q(n) = 8*n + n**3 - 5*n + 5*n**2 + 0 - 3. Let l = -15 + 12. Calculate q(l).
6
Let k = 5 + 5. Suppose k = r + 4*r. Let d(c) = 3*c**2 + 6 + c**3 - 2*c**2 + c**r + 2*c**2 - 6*c. Determine d(-5).
11
Let t(c) be the third derivative of -c**4/12 - 5*c**3/6 - 9*c**2. Calculate t(-7).
9
Let o(r) be the second derivative of -1/2*r**2 - 2*r + 0 - 1/6*r**3. Calculate o(0).
-1
Let g(f) be the third derivative of f**6/120 + f**5/12 - 5*f**4/24 + 7*f**3/6 - 9*f**2 + 1. Determine g(-6).
1
Let s(n) = 9*n + 1. Let j be 3/(1 - 2) + 4. What is s(j)?
10
Let t = 9 - 13. Let r(d) = -4*d**2 + d + 1. Let m(v) = 3*v**2 - 2. Let c(i) = 3*m(i) + 2*r(i). Calculate c(t).
4
Let i(q) = 3*q + 3*q**2 - 1 + 2 - q**3 + 4 + 0. Let b(l) = l**2 - 7*l + 4. Let s be b(5). Let a(j) = -j - 2. Let u be a(s). Determine i(u).
1
Suppose 0 = 2*f - 5 - 3. Suppose f*b + 5*w = 3*w, 0 = -b - 4*w - 14. Let s(k) = -5*k + 3. Determine s(b).
-7
Let i be 9/(-12) + 26/(-8). Let m(a) = 5*a**2 - 1 - 3*a**2 - a + 6*a. What is m(i)?
11
Let j(u) be the first derivative of -u**4 + u**3/3 - u**2/2 + u + 2. Let s = 10 + -3. Suppose -o - 5*g = 3*o + 21, 3*o = -2*g - s. What is j(o)?
-3
Suppose 4*k = -12 - 4. Let d(x) = -2*x**2 + 4*x**2 + x**3 + x**2 - 4 - 2*x. What is d(k)?
-12
Let d(n) be the third derivative of n**2 + 0*n**3 + 0*n + 1/4*n**4 + 0. Calculate d(1).
6
Suppose -y + 20 = y. Let f = y - 6. Let n(z) = f*z + 4*z**2 - 1 + 4 + z**3 + 0*z**2 + 0. What is n(-3)?
0
Let a(q) = -q**3 + 5*q**2 - 5*q - 2. Let w = 3 + -3. Let r = w + 3. Suppose 0 = r*j + 2*j - 20. What is a(j)?
-6
Suppose 2*u - 8 = -v, 2*u + 2*v + v - 16 = 0. Suppose 10 = u*p + 3*p. Let h(w) = 2*w + 0*w - 4*w - w**p + 3. What is h(-3)?
0
Let z(c) = -c - 5. Let u be z(-10). Suppose 0 = -u*p + 4 + 11. Let l(s) = 1 - 3*s**3 - 7*s**2 - 2*s**3 + 6*s**p + 3*s + 3*s. Give l(6).
1
Let s(i) = -8*i**3 + 3. Let j(w) = -w**3 - w**2 - w + 1. Let g(v) = 2*j(v) - s(v). Suppose -r - 71 = -70. Give g(r).
-7
Let r(w) = w**3 - 6*w**2 + w + 1. Let i(n) = n**2 + 11*n - 6. Let l be i(-12). What is r(l)?
7
Let x be 4/2*(-4 + (0 - -3)). Let a(p) = -5*p - 2. Calculate a(x).
8
Let v(s) = -2*s**2 + 10*s - 19. Let h be v(4). Let r(q) = 2*q + 14. What is r(h)?
-8
Suppose 5*x - 14 = 1. Let y(l) be the first derivative of l**2 + 1/3*l**x - 1 - 3*l. What is y(2)?
5
Suppose 9 = -l + 5*k, -2*l + 7*l + 2*k = -18. Let w(p) = -5*p**3 + 4*p**3 - 3 - 1 - 4*p**2. Let n be w(l). Let q(u) = u**3 + 5*u**2 + 6*u + 6. Determine q(n).
-2
Let k(z) = -41*z + 42*z - 5*z**2 + z**2 - 1. Suppose -3*c = 2 - 5. What is k(c)?
-4
Suppose -4*w + 2 = -2*w. Let q = 3 - -2. Suppose 0 = q*v + w + 4. Let b(u) = -u**2 - 1. Give b(v).
-2
Suppose 3*v + 0*j = -5*j + 14, 5*v - 5*j = 10. Suppose -4*z + 32 = -3*b, -v*z + 15 = b + 4. Let f(g) = -g**3 + 5*g**2 - 2*g + 3. Calculate f(z).
-7
Let g(m) = -2*m - 2*m + 2*m**2 - 2*m + 0*m. Calculate g(4).
8
Let g(h) be the second derivative of -h**3/6 + 40*h. What is g(-1)?
1
Suppose -2*f + x + 2 = 0, x + 12 = 3*f + 4*x. Let r(t) = -5*t - t**2 - 5 + 0*t**f + 0. Give r(-4).
-1
Let q(o) = 2*o**2 - 7*o**2 - 6 - o**3 - o + 9*o**2 - 3*o**2. Let l = 0 + 0. Determine q(l).
-6
Let x(k) = 3*k**3 + 8*k**2 - 14*k - 8. Let t(v) = 2*v**3 + 3*v**2 - 7*v - 4. Let i(c) = 5*t(c) - 3*x(c). Determine i(8).
-4
Let n(v) be the first derivative of 5*v + 0*v**2 + 1/3*v**3 - 3. Determine n(0).
5
Let s(p) = p**3 - 5*p**2 - 7*p + 4. Suppose -2*j + 0*j + 1 = 3*c, -j + c + 8 = 0. What is s(j)?
-31
Let u be (8/10)/(1/(-5)). Let a(z) = 7*z**2 - 8*z + 3. Let h(b) = -3*b**2 + 4*b - 1. Let o(x) = 4*a(x) + 9*h(x). What is o(u)?
3
Let p be (-3)/(-6) + (-5)/(-2). Let n(h) = h**2 - 5*h + 1. Let d(k) = -k. Let g(b) = -4*d(b) + n(b). Give g(p).
7
Let b(l) = l**2 + 4*l - 1. Let u(q) = q**3 + 4*q**2 - 2*q - 5. Let p be u(-4). Let k = 2 - p. Let x be (-4 + 0)*k/(-1). What is b(x)?
-1
Suppose 5*l - 3*l = -2*b + 2, -l + 4*b = -16. Suppose -h - 6 = -5*k + 5, k - 19 = -l*h. Let y(a) = a - 7. What is y(h)?
-3
Let y(x) = -3*x**2 + 4*x. Let a(f) = -2 + 4 - 6*f**2 - 1 + 9*f. Let i(t) = -2*a(t) + 5*y(t). Calculate i(2).
-10
Let x(q) = 4*q - 1. Suppose 0 = -3*w - 0*w. Suppose 2*y - 2 + 0 = w. Calculate x(y).
3
Let n(i) be the first derivative of -2*i**3/3 + 3*i**2/2 + 3*i - 2. Let l(u) = u**2 + 5*u + 2. Let q be l(-5). Suppose -1 = -q*o + 5. Determine n(o).
-6
Let c(m) be the second derivative of m**3/6 - 3*m**2/2 - 47*m. Give c(-3).
-6
Suppose 5*u = -4*y + 10, 5*u = -2*y + 3*y + 10. Let s(f) = -f + 1. What is s(y)?
1
Suppose -3*n + 3 = -3*f, 3 = -n - 0*f - 3*f. Suppose 3*j + 4 + 11 = n. Let l be (-13)/(-3) - j/(-15). Let r(k) = -3*k + 5. Calculate r(l).
-7
Let o(v) = v**3 - v**2 + 3*v - 1. Suppose -2*r = 2*r - 4*w, 3*r = 5*w - 4. Suppose 8 = 4*x - 12. Suppose -x*g - 10 = -4*q - 27, r*g = 10. Give o(q).
9
Let u = 12 + -10. Let i be (-1)/2 - (-5)/2. Let p(f) = f - 3*f**i - 4*f + 6*f. What is p(u)?
-6
Let w(f) = -f**2 + 4*f + 3. Let b be (-45)/(-9) + (-3)/3. Determine w(b).
3
Let c(j) = -2*j + 1. Let t(x) = -x + 1. Let b(y) = 4*c(y) - 7*t(y). What is b(8)?
-11
Let u = -19 + 16. Let q(k) be the third derivative of -2*k**2 + 1/60*k**5 + 0*k + 1/3*k**3 + 0 + 1/24*k**4. Give q(u).
8
Let v be -4 + 1 + (4 - -5). Let m(j) = -j**3 + 6*j**2 - 2*j + 3. Determine m(v).
-9
Let h(i) be the first derivative of -i**4/6 + i**3/6 + 2*i**2 + 3*i + 2. Let k(x) be the first derivative of h(x). Determine k(3).
-11
Suppose 3*q = 4*q - 2. Let r(u) = 2*u**3 - 3*u**2 + 2*u - 1. Determine r(q).
7
Suppose -r + 4 = 0, -4*v - r - 32 = -6*r. Let k(l) = -l - 4. Give k(v).
-1
Let t(z) be the third derivative of -z**6/120 - z**5/15 - z**4/12 - 2*z**3/3 + 2*z**2. What is t(-4)?
4
Let l(r) = 19*r**2 - 5 - 34*r**2 + 16*r**2 - 4*r. What is l(4)?
-5
Let b(f) = 7*f - 1. Let g(j) = j**3 + 7*j**2 + 7*j + 7. Let i be g(-6). Let s be b(i). Let p(x) = -x**2 + 5*x + 4. Calculate p(s).
-2
Suppose 0 = 3*m - m + 3*h - 7, -4*m = -2*h - 6. Let c(a) = a**m - 6*a + 0 - 2 - a**3 + 5*a. Calculate c(2).
-8
Let g(s) = -s**3 + 2*s**2